 -706 - -7392?
6989
In base 4, what is -3233 + -30110111?
-30120010
In base 11, what is -6536a50 - 26?
-6536a76
In base 15, what is -2 - -324163?
324161
In base 16, what is -7 - 2963f4?
-2963fb
In base 11, what is -427aa4 - -6?
-427a99
In base 16, what is 1d + -96b2?
-9695
In base 12, what is 2aa7b97 + 2?
2aa7b99
In base 12, what is 6 - 1a9006?
-1a9000
In base 6, what is -25312210 + -13?
-25312223
In base 4, what is 122 + 30011223?
30012011
In base 7, what is 1552 - 1122662?
-1121110
In base 13, what is -270b4c + -2?
-270b51
In base 2, what is 101 - 10001010010110011010011110?
-10001010010110011010011001
In base 15, what is d745e9 - -4?
d745ed
In base 9, what is -1 - 27424543?
-27424544
In base 9, what is 231356 + 353?
231720
In base 13, what is a + -8bc932?
-8bc925
In base 13, what is 21523b + 6?
215244
In base 8, what is -55 + 3237011?
3236734
In base 11, what is -890630 + -1?
-890631
In base 5, what is 0 + 3222231301?
3222231301
In base 6, what is 5015450 + 344?
5020234
In base 7, what is 413253622 + -14?
413253605
In base 6, what is 105150 + -44522?
20224
In base 13, what is 676b + -1c25?
4846
In base 9, what is -256803317 + -10?
-256803327
In base 11, what is -5 - -27a3666?
27a3661
In base 14, what is 259 + -63a8?
-614d
In base 13, what is -b32084 + 1?
-b32083
In base 6, what is 10255 - 335340?
-325041
In base 14, what is -7c8852ca + 4?
-7c8852c6
In base 10, what is -331 - -279394?
279063
In base 6, what is 2135220043 - 13?
2135220030
In base 10, what is -2 + 896509?
896507
In base 3, what is -10221100 - -111100022?
100101222
In base 11, what is 18994732 + 18?
1899474a
In base 14, what is 1034d + 161?
104b0
In base 5, what is 100302 - -12102?
112404
In base 8, what is -4 - 360152665?
-360152671
In base 10, what is 8707 + -646?
8061
In base 5, what is -12011110302 + 22?
-12011110230
In base 16, what is 1 - -27d76?
27d77
In base 5, what is -1444240144 - 1?
-1444240200
In base 15, what is 2a54ecd - -26?
2a55004
In base 3, what is -10100022021 - -12110201?
-10010211120
In base 3, what is 22 + 10121220200200?
10121220200222
In base 2, what is 1111100001101111100 - 101000?
1111100001101010100
In base 14, what is 5c34 - -4376?
a1aa
In base 8, what is 105702221 + -2?
105702217
In base 9, what is 78 - -5625653?
5625742
In base 8, what is -371 - 2204732?
-2205323
In base 6, what is 4224030 - 13501?
4210125
In base 2, what is 100000011 + 1010000001100011110?
1010000010000100001
In base 12, what is 0 + -4543704?
-4543704
In base 6, what is -5 + 1030531415?
1030531410
In base 10, what is -554 - -125280?
124726
In base 3, what is -100 + 120101120022221?
120101120022121
In base 6, what is 3133050 + -4554?
3124052
In base 12, what is -49641b - -78?
-496363
In base 16, what is -80527b + 3f?
-80523c
In base 5, what is -3 + 10440012432?
10440012424
In base 5, what is 203241432 + -310?
203241122
In base 5, what is -240122 - -2402?
-232220
In base 14, what is -5b74209 + 1?
-5b74208
In base 15, what is dc - 14b89?
-14a9c
In base 12, what is -a0 - 7b051?
-7b131
In base 10, what is 2 + -1278252?
-1278250
In base 9, what is 12554261 + 3?
12554264
In base 3, what is -2222021010112 + -2121?
-2222021020010
In base 15, what is -8dbb4 + -2c?
-8dbe1
In base 13, what is 5 - -48b98c?
48b994
In base 13, what is -2c39 + -9800?
-c739
In base 4, what is 10 - 122122001111111?
-122122001111101
In base 3, what is -22110110212021 + -20?
-22110110212111
In base 3, what is 222 + 1012000020100?
1012000021022
In base 14, what is -56b8 + -6d?
-5747
In base 6, what is 1301431341 - 0?
1301431341
In base 3, what is 11 + -2021001122101011?
-2021001122101000
In base 11, what is 194a0586 - 5?
194a0581
In base 9, what is 36 + 5326655?
5326702
In base 15, what is -2cd014c5 + 2?
-2cd014c3
In base 8, what is 271444 - -1407?
273053
In base 14, what is -92783 + 24?
-9275d
In base 16, what is -c64bb - 157?
-c6612
In base 12, what is -117a00a - 12?
-117a020
In base 15, what is -8b - c0954?
-c09e0
In base 5, what is -1300033 - 202333?
-2002421
In base 7, what is 125305 - -14463?
143101
In base 15, what is -272 - -312?
90
In base 3, what is -1020 - 10002100220200?
-10002100221220
In base 3, what is -111111212021120 + 10?
-111111212021110
In base 11, what is 214837 + 2109?
216945
In base 8, what is 763255173 - -4?
763255177
In base 11, what is -892 - a1855?
-a2637
In base 14, what is -683 - c35?
-14b8
In base 9, what is 1726 + 11212?
13038
In base 8, what is 20 + -673460?
-673440
In base 16, what is -7389dc + -a2?
-738a7e
In base 8, what is 2315714 + 330?
2316244
In base 3, what is -10100012220011111 - -20?
-10100012220011021
In base 11, what is 3 + -2aa20543?
-2aa20540
In base 4, what is 222 + 23211101333?
23211102221
In base 13, what is 1b6a - 42c?
173b
In base 10, what is 59737 - -293?
60030
In base 6, what is -4203315 - 110?
-4203425
In base 5, what is 1000024332 + 12?
1000024344
In base 9, what is -27 + 6841060?
6841032
In base 3, what is 22022200020122000 - 2?
22022200020121221
In base 14, what is -18841 - -15?
-1882a
In base 8, what is 5000 - -32472?
37472
In base 7, what is 166 + -32036?
-31540
In base 2, what is -100111111001 - -1000100001010110?
111111001011101
In base 6, what is 452150450 - 13?
452150433
In base 12, what is 143a4 - 1264?
13140
In base 7, what is 4152145 + -1525?
4150320
In base 12, what is 0 + -1017b3?
-1017b3
In base 12, what is -11 - 11b5190?
-11b51a1
In base 11, what is -225921236 - 5?
-225921240
In base 7, what is -161350261 + 0?
-161350261
In base 2, what is -10000001001001111010000 - -100110?
-10000001001001110101010
In base 2, what is 11010000 - -11111011001111100011010?
11111011001111111101010
In base 4, what is -10 + -222200030221?
-222200030231
In base 12, what is -35207 + -10?
-35217
In base 10, what is 2483306 - -5?
2483311
In base 4, what is 31 - -22111103333?
22111110030
In base 16, what is -839795e - 4?
-8397962
In base 12, what is 4 + 321179?
321181
In base 15, what is 7026 - 4cd?
6a48
In base 7, what is 40041 + -266?
36442
In base 7, what is -26 + 221214?
221155
In base 4, what is 3203 + 310330100?
310333303
In base 3, what is -1010021 + -110200220022?
-110202000120
In base 3, what is 1012011220 - 2111202?
1002200011
In base 9, what is 5 + -64800071?
-64800065
In base 14, what is -32c0b + -6d?
-32c7a
In base 5, what is -1 - -33103310422?
33103310421
In base 6, what is 10 - -3231032120?
3231032130
In base 9, what is 4 + -434367013?
-434367008
In base 11, what is 2 - 2810932?
-2810930
In base 7, what is -21236 - 322?
-21561
In base 6, what is 12 - 1042114543?
-1042114531
In base 11, what is 5a359a2 + -2?
5a359a0
In base 13, what is 4152b - -1a2?
41700
In base 14, what is -375ac1d - 2?
-375ac21
In base 2, what is -1010 - -100010001100100101011?
100010001100100100001
In base 13, what is -229a95a - -a?
-229a950
In base 9, what is -22 + 1525402?
1525370
In base 5, what is -344241341232 + -3?
-344241341240
In base 2, what is 10010011011001101100 - -100010110?
10010011011110000010
In base 4, what is -31112221 + 23?
-31112132
In base 5, what is 2033 - 12302433?
-12300400
In base 13, what is 4 + -c7a0a?
-c7a06
In base 10, what is -3 - -4828753?
4828750
In base 7, what is 102411265 + -1?
102411264
In base 13, what is 101 - 8955a?
-89459
In base 10, what is 2 + 9210771?
9210773
In base 16, what is 5baba4f + -3?
5baba4c
In base 9, what is -41 - 5870565?
-5870616
In base 13, what is -149a - -23299?
21acc
In base 8, what is 6 - 1152256?
-1152250
In base 2, what is 111001001 - 10011110001?
-1100101000
In base 13, what is 58c + 12a1b?
132aa
In base 8, what is -407 + 375045?
374436
In base 13, what is -1069941 + -2?
-1069943
In base 3, what is -100 - -1121021010011?
1121021002211
In base 7, what is -2 + -6542464?
-6542466
In base 3, what is 10201201002222012 + -212?
10201201002221100
In base 8, what is 30 - -12731717?
12731747
In base 5, what is 100 + 10134121331?
10134121431
In base 9, what is 46261206 - -7?
46261214
In base 15, what is 38922 - -62?
38984
In base 3, what is -1021210221 - 111022?
-1022022020
In base 4, what is 1 + -2320323212?
-2320323211
In base 15, what is -5 + 3110e35?
3110e30
In base 7, what is 51123635 + 6?
51123644
In base 14, what is -10a - 23d8?
-2504
In base 9, what is 3174 - 84574?
-81400
In base 5, what is 2301 - 434313?
-432012
In base 3, w